n base 14, what is a56 - 1384?
-72c
In base 12, what is -1755 + -52699?
-54232
In base 4, what is 101210112 - 13321?
101130131
In base 2, what is -100011001110001001 + -101010111?
-100011010011100000
In base 10, what is -23306 + 1546?
-21760
In base 9, what is -5837 - 71665?
-77613
In base 5, what is -41010302 + 240?
-41010012
In base 5, what is -1004301230233 - -2?
-1004301230231
In base 10, what is 1220593 + -532?
1220061
In base 13, what is -1298ac6 - 13?
-1298b09
In base 11, what is -1292352 - -6?
-1292347
In base 12, what is 387206 + -10?
3871b6
In base 12, what is -290 + 12b67?
12897
In base 2, what is -11000110 - -101111011000000001?
101111010100111011
In base 11, what is -7242 - 36408?
-4264a
In base 16, what is -7805 + -bba?
-83bf
In base 3, what is 2222102 + -21121111210?
-21111112101
In base 15, what is 601 - -a0155?
a0756
In base 6, what is -1320241534 + 11?
-1320241523
In base 6, what is -3044212 - -502?
-3043310
In base 5, what is 23211300 + -114?
23211131
In base 2, what is -1110110010011110001000 + -101011?
-1110110010011110110011
In base 3, what is 1220210 - 2201022?
-210112
In base 4, what is -32313122313 - -110?
-32313122203
In base 15, what is -d08eea + 0?
-d08eea
In base 6, what is -32220322 - -451?
-32215431
In base 4, what is 100010211211230 - 3?
100010211211221
In base 2, what is 101000111101011011110 - -11010?
101000111101011111000
In base 14, what is -5 + 21034b?
210346
In base 15, what is -b42478 + 4?
-b42474
In base 8, what is 3050045 - 3?
3050042
In base 14, what is -36b2a316 + 1?
-36b2a315
In base 11, what is 7a466a7 + 2?
7a466a9
In base 6, what is 1100511022 + 2?
1100511024
In base 5, what is 0 + -4232341424?
-4232341424
In base 4, what is -302001121 + -3300?
-302011021
In base 6, what is -4 - 54202322?
-54202330
In base 14, what is 663 + -32b?
336
In base 3, what is 20222 - 100101010?
-100010011
In base 3, what is 2122121002221 - 10010?
2122120222211
In base 6, what is 241002042 - 3?
241002035
In base 8, what is 26 + 23777760?
24000006
In base 5, what is -3 - -31041231220?
31041231212
In base 5, what is -140 - -24121232?
24121042
In base 15, what is 514677e8 + -2?
514677e6
In base 2, what is 1011000000001010000 - 100100000?
1010111111100110000
In base 3, what is 21 + 110100102202?
110100110000
In base 13, what is 23ab38c - -51?
23ab410
In base 14, what is 0 - 156433?
-156433
In base 16, what is 63 + -13119?
-130b6
In base 4, what is -13201131 - -3033?
-13132032
In base 5, what is -3 + -1204423014?
-1204423022
In base 8, what is -7 - 2157154?
-2157163
In base 4, what is 20 - 33100312212?
-33100312132
In base 6, what is 4 + -200242553?
-200242545
In base 13, what is -28ca9c3 - -30?
-28ca993
In base 8, what is -360305 - -226?
-360057
In base 13, what is 112c91 + -512?
11277c
In base 15, what is -3 + -18c849?
-18c84c
In base 6, what is -1 + -313440?
-313441
In base 2, what is -1011 - -100110101011000110000?
100110101011000100101
In base 13, what is 374c - -28955?
2c3a4
In base 11, what is 4496374 + -15?
449635a
In base 8, what is -563 + 60221?
57436
In base 16, what is -201 - 2587c?
-25a7d
In base 9, what is -5 + -506170807?
-506170813
In base 15, what is -b7c + ab2?
-ba
In base 15, what is -38 - -da456?
da41d
In base 2, what is 110100100010001001111111 + -100?
110100100010001001111011
In base 4, what is -3102331312 - 3032?
-3103001010
In base 12, what is 3 - -1450b75?
1450b78
In base 14, what is 2186 + -3639?
-1493
In base 6, what is -10 - 2123111?
-2123121
In base 14, what is -44b888 - -39?
-44b84d
In base 14, what is -13c058d - 19?
-13c05a8
In base 3, what is -200112 + 21011020?
20110201
In base 13, what is -a5b7bc26 - -3?
-a5b7bc23
In base 7, what is 1135 + -150050?
-145612
In base 10, what is 741935 - 407?
741528
In base 2, what is 1001011 - -101101111000000010?
101101111001001101
In base 10, what is -1689 - 19607?
-21296
In base 10, what is 17687 + 16980?
34667
In base 5, what is 1042320141 + 1010?
1042321201
In base 14, what is 1 - -ab734?
ab735
In base 8, what is -636001 - -1337?
-634442
In base 8, what is -720503 - 150?
-720653
In base 11, what is 5920 + 209?
6029
In base 2, what is 1001010010110101111 + 1000?
1001010010110110111
In base 16, what is 7 + d1dd3?
d1dda
In base 3, what is 2 + 21211010212020?
21211010212022
In base 13, what is -1165a8 + 112?
-116496
In base 10, what is 4 - 3587321?
-3587317
In base 7, what is -220 + -1430662?
-1431212
In base 14, what is 81c4a - 108?
81b42
In base 6, what is 12 + 222412443?
222412455
In base 11, what is 31aa009 - -38?
31aa046
In base 14, what is 2296 + 605?
289b
In base 10, what is -407005 - -2?
-407003
In base 13, what is bca3259 - -2?
bca325b
In base 8, what is 440 - -2033401?
2034041
In base 6, what is -120 - -3410443?
3410323
In base 3, what is -1012101221211 - 11210?
-1012102010121
In base 9, what is -1736274 + 6?
-1736267
In base 8, what is -45 - -526151?
526104
In base 11, what is 3706689 - 6?
3706683
In base 2, what is 11000100101010011000101 - 10?
11000100101010011000011
In base 9, what is -6 - -31124663?
31124656
In base 8, what is 42445065 - -1?
42445066
In base 16, what is -4b50 + 45e?
-46f2
In base 4, what is 100131 + 321103113?
321203310
In base 9, what is -513 - 106356?
-106870
In base 11, what is -5 + 23674472?
23674468
In base 9, what is -251 - 65415?
-65666
In base 7, what is -2 + -365126562?
-365126564
In base 15, what is a1e + -a13?
b
In base 12, what is 1a + -b7902?
-b78a4
In base 3, what is 202222210012 + -21?
202222202221
In base 11, what is -2 - 11521a54?
-11521a56
In base 16, what is -f075 + -7e7?
-f85c
In base 3, what is 11 - -12220200211211?
12220200211222
In base 12, what is 263 + 195a?
2001
In base 4, what is -202321001011 + -221?
-202321001232
In base 6, what is 10114 + 23555?
34113
In base 5, what is 3110344 + -10003?
3100341
In base 15, what is 113 + -20cb?
-1eb8
In base 2, what is 100101110001110001000 - 110?
100101110001110000010
In base 12, what is 1335 - b1a?
417
In base 9, what is -2 - -5652242?
5652240
In base 11, what is -16419 + 3278?
-13151
In base 13, what is -32 + 42aab8?
42aa86
In base 12, what is -4986 - -6b2?
-4294
In base 13, what is -75766 + 48?
-7571b
In base 9, what is -22 - -5611373?
5611351
In base 8, what is 5520771 - -34?
5521025
In base 14, what is 1 - 2c32a9?
-2c32a8
In base 13, what is a + 2114c9?
211506
In base 11, what is 2 + -10248aa4?
-10248aa2
In base 15, what is 2 - -4d40bc0?
4d40bc2
In base 6, what is -155530 - -1043?
-154443
In base 5, what is 1142343234 - 1?
1142343233
In base 10, what is 4 - -4746988?
4746992
In base 14, what is -71c83 - -96?
-71bcb
In base 6, what is -14441514 + 400?
-14441114
In base 15, what is 10 - 79249?
-79239
In base 10, what is 9066842 + -17?
9066825
In base 7, what is 41 - -2322166?
2322240
In base 7, what is 603 - -2011501?
2012404
In base 4, what is -1222221232221 - 3?
-1222221232230
In base 11, what is 5 - -1081671?
1081676
In base 5, what is 1233102240424 - -10?
1233102240434
In base 12, what is 28bb - -103654?
106353
In base 11, what is 310075a + 3?
3100762
In base 12, what is -5 - 3b1ba26?
-3b1ba2b
In base 15, what is 1ed2d - 0?
1ed2d
In base 12, what is -2 + 1421811?
142180b
In base 12, what is -1 + 2539454?
2539453
In base 3, what is 12101 - -2202102100?
2202121201
In base 8, what is -233156436 - -3?
-233156433
In base 9, what is -118 + -1280230?
-1280348
In base 12, what is -1 - 78bb5b8?
-78bb5b9
In base 6, what is 10452504300 - -4?
10452504304
In base 5, what is 4102420320 + 22?
4102420342
In base 12, what is -29ba - 2027?
-4a25
In base 7, what is 60424 - 3262?
54132
In base 7, what is 156612463 + -20?
156612443
In base 8, what is 3204676007 + 2?
3204676011
In base 5, what is 42344 + 302020?
344414
In base 11, what is -2393 - -239068?
236785
In base 2, what is -100010111 - 1110111000100111?
-1110111100111110
In base 3, what is -10210112022022 + 12?
-10210112022010
In base 4, what is 0 + -101302011131333?
-101302011131333
In base 11, what is 2 - -51172?
51174
In base 5, what is 43421444 + 20301?
43442300
In base 4, what is 3 + 110303113122?
110303113131
In base 10, what is 101034 + 123?
101157
In base 7, what is 60262100 + 23?
60262123
In base 16, what is -4bfb5 + -14?
-4bfc9
In base 10, what is -28 - 253415?
-253443
In base 5, what is -4440420033 - -3?
-44